{"id":365,"date":"2024-11-14T11:15:54","date_gmt":"2024-11-14T10:15:54","guid":{"rendered":"https:\/\/guns.de\/?page_id=365"},"modified":"2024-12-09T08:35:41","modified_gmt":"2024-12-09T07:35:41","slug":"kontakt-under-construction","status":"publish","type":"page","link":"https:\/\/guns.de\/?page_id=365","title":{"rendered":"Kontakt"},"content":{"rendered":"\n<div class=\"wp-block-file\"><a id=\"wp-block-file--media-ce7aae2c-3a6b-4154-befa-01a39d43d871\" href=\"https:\/\/guns.de\/wp-content\/uploads\/2024\/11\/kontakt.html\">kontakt<\/a><a href=\"https:\/\/guns.de\/wp-content\/uploads\/2024\/11\/kontakt.html\" class=\"wp-block-file__button wp-element-button\" download aria-describedby=\"wp-block-file--media-ce7aae2c-3a6b-4154-befa-01a39d43d871\">Erwin Rau<br>Bahnhofstr. 22<br>63165 M\u00fchlheim<br>Tel&nbsp;&nbsp; 06108-75004<br>Fax&nbsp; 06108-977277<br>e-mail&nbsp;&nbsp;&nbsp;&nbsp;cgw@guns.de<br>Ums-ID-Nr. DE185916411<br>Besuche bitte nur nach Vereinbarung<br>KEIN KATALOGVERSAND, alle Angebote sind hier aufgef\u00fchrt &#8211; wenn Sie Fragen haben, rufen Sie einfach an<br>alle Preise incl. gesetzl. MwSt.<br>bei Versand zuz\u00fcglich Versandkosten<br>es gelten grunds\u00e4tzlich unsere Gesch\u00e4ftsbedingungen<br>Abgabe von Waffen und Munition nur an Inhaber einer Erwerbserlaubnis<br>WHL ausgestellt durch:&nbsp;&nbsp;&nbsp;&nbsp;&nbsp;&nbsp;&nbsp;&nbsp;&nbsp;&nbsp;&nbsp;&nbsp;&nbsp;&nbsp;&nbsp;&nbsp;&nbsp;&nbsp;&nbsp;&nbsp; <br>Landrat Kreis Offenbach&nbsp;&nbsp;&nbsp;&nbsp;&nbsp;&nbsp;&nbsp;&nbsp;&nbsp;&nbsp;&nbsp;&nbsp;&nbsp;&nbsp;&nbsp;&nbsp;&nbsp; <br>Postfach 1265&nbsp;&nbsp;&nbsp;&nbsp;&nbsp;&nbsp;&nbsp;&nbsp;&nbsp;&nbsp;&nbsp;&nbsp;&nbsp;&nbsp;&nbsp;&nbsp;&nbsp;&nbsp;&nbsp;&nbsp;&nbsp;&nbsp;&nbsp;&nbsp;&nbsp;&nbsp;&nbsp;&nbsp;&nbsp;&nbsp;&nbsp;&nbsp;&nbsp;&nbsp;&nbsp;&nbsp;&nbsp;&nbsp;&nbsp;&nbsp;&nbsp;&nbsp;&nbsp;&nbsp;&nbsp; <br>63112 Dietzenbach<\/a><\/div>\n\n\n\n<div class=\"wp-block-file\"><a href=\"https:\/\/guns.de\/wp-content\/uploads\/2024\/11\/kontakt.html\" class=\"wp-block-file__button wp-element-button\" download><\/a><\/div>\n","protected":false},"excerpt":{"rendered":"","protected":false},"author":1,"featured_media":0,"parent":0,"menu_order":0,"comment_status":"closed","ping_status":"closed","template":"","meta":{"_crdt_document":"","footnotes":""},"class_list":["post-365","page","type-page","status-publish","hentry","entry"],"_links":{"self":[{"href":"https:\/\/guns.de\/index.php?rest_route=\/wp\/v2\/pages\/365","targetHints":{"allow":["GET"]}}],"collection":[{"href":"https:\/\/guns.de\/index.php?rest_route=\/wp\/v2\/pages"}],"about":[{"href":"https:\/\/guns.de\/index.php?rest_route=\/wp\/v2\/types\/page"}],"author":[{"embeddable":true,"href":"https:\/\/guns.de\/index.php?rest_route=\/wp\/v2\/users\/1"}],"replies":[{"embeddable":true,"href":"https:\/\/guns.de\/index.php?rest_route=%2Fwp%2Fv2%2Fcomments&post=365"}],"version-history":[{"count":6,"href":"https:\/\/guns.de\/index.php?rest_route=\/wp\/v2\/pages\/365\/revisions"}],"predecessor-version":[{"id":470,"href":"https:\/\/guns.de\/index.php?rest_route=\/wp\/v2\/pages\/365\/revisions\/470"}],"wp:attachment":[{"href":"https:\/\/guns.de\/index.php?rest_route=%2Fwp%2Fv2%2Fmedia&parent=365"}],"curies":[{"name":"wp","href":"https:\/\/api.w.org\/{rel}","templated":true}]}}